1 + 10).
-16
Calculate -23 + 36 - 24 - -10.
-1
What is the value of -10 - 1 - (6 - 14) - -12?
9
-1 - (7 - ((-11 - -9) + 2))
-8
What is 7 + -1 + 59 + -61 + -5 + 1?
0
Evaluate 48 + -35 + 26 + -10.
29
What is (22 - 39 - -8) + 0?
-9
Evaluate (12 + -23 - -17) + -21.
-15
Calculate 18 + 1 - ((11 - -5) + -3 + -8).
14
Evaluate 8 + -4 - (1 - -8).
-5
Calculate (2 - 6 - (11 - 4)) + -4.
-15
What is the value of 57 + -36 - (11 - -3)?
7
What is 36 + -10 + (0 - 6) + 3?
23
Evaluate 35 + -1 + 1714 + -1770.
-22
What is the value of -2 + -18 - (-17 + -10 + 18)?
-11
What is the value of 6 - (46 + (-17 - -9))?
-32
-15 + -17 - -38 - -31
37
(-32 - -7 - 1) + -2 + 12
-16
What is -18 + -14 + 16 + (3 - -3)?
-10
Evaluate (-31 - (-31 + 8)) + -10.
-18
-5 + 8 + (2 - 9) + (5 - -3)
4
(25 - (1 - -3)) + (-7 - (-1 - -1))
14
Calculate (31 - 37) + 8 + 2 + -23.
-19
Calculate -4 + -2 + 2 - (-648 - -649).
-5
Evaluate -44 - (11 - (18 + 7)).
-30
Evaluate 15 + (-20 - 1 - -14).
8
Calculate 0 + -9 - (-29 - ((14 - 3) + -19)).
12
Evaluate (-1 - 11) + 13 - -10.
11
Evaluate 35 - ((7 - -2) + 24).
2
Evaluate -7 + -11 + 31 + -6 + (-21 - -1).
-13
Calculate (5 + -5 - 1 - (-2 - 4)) + -9.
-4
What is (114 - 124) + -4 + -1 - (-8 - -1)?
-8
Evaluate -24 + 10 + 14 - (1 + 1) - 7.
-9
What is 1 + 0 + -3 + 21 + -32?
-13
What is the value of (13 - (-9 + 19)) + (2 - 5) + 1?
1
What is the value of 25 + -24 + -2 + 3?
2
Evaluate (17 - 1) + -12 + -7.
-3
-2 - -1 - 2 - -1 - (-3 - 0)
1
Evaluate -16 - 59 - -53 - (-10 + 1).
-13
(31 - 61) + 60 + -14
16
(-12 - (3 - 1)) + (14 - 32 - -17)
-15
Calculate 10 + (-11 - -13) + -3 + -3.
6
What is the value of 39 + -10 + 4 + 5 + (-14 - -5)?
29
(5 - -4) + -4 + -4
1
Calculate 5 - 3 - (8 + (-7 - 0) + -2).
3
Calculate -1 - ((-1 - (-4 - 5)) + 7) - -6.
-10
-4 - 10 - -18 - (-1 - 2)
7
6 + (-28 - (-4 - 14))
-4
(11 - (-5 - (7 + -19))) + -5
-1
Calculate -15 + 12 + -15 - -14.
-4
What is the value of -7 + 39 + -35 - 15?
-18
What is 2 + (-1 - 3) - -2 - (-14 + 9)?
5
-1 + -17 - ((16 - 6) + -13)
-15
What is the value of 35 + -77 + 10 - -51?
19
(0 - 8) + -3 + (13 - -15) + 5
22
What is the value of (13 - 11) + 3 + -5 + 2 + 16?
18
Calculate -2 - -4 - (9 - (6 + 9) - 2).
10
Evaluate (57 - 4) + -12 - (-4 + 8).
37
3 + 1 - (40 + -20 - 22)
6
Calculate 1 + -7 - ((44 - 86) + 53).
-17
-41 + (32 + 0 + -18 - 4)
-31
What is -12 + (24 - (-17 - -19))?
10
What is the value of -1 - (6 - (-10 - -21))?
4
What is 26 - (-9 - -44) - 2?
-11
Evaluate -88 + 70 + 1 + -1 + 10 - -9.
1
Calculate -5 + (-4 - -5) + -5 + -1.
-10
Evaluate -5 + 1 + 16 - (-41 - -66).
-13
Calculate 57 + -50 + (1 - 1) - 21.
-14
Calculate 13 + -10 + 5 - -9 - 12.
5
0 + 2 - (3 + 27 + -38)
10
What is the value of -16 - (10 - -3 - 23)?
-6
-1 + -1 - (-5 + (4 - -3) + -8)
4
What is -1 + 5 - (6 + -10) - 33?
-25
Evaluate -26 - (-9 + (-4 - -3) + (-14 - -20)).
-22
Calculate 13 + -5 - (-1 - -25 - -1).
-17
-5 + (-17 + 17 + (-2 - -3) - -26)
22
Evaluate -1 + 0 - -6 - 4 - -8.
9
Evaluate (1246 - 1268) + (0 - -12).
-10
Calculate -19 - ((-2 + 1 - -2) + -314 + 322).
-28
Evaluate -11 + 0 - (23 - 6 - 0).
-28
What is the value of (-9 - 4) + -2 + 19?
4
Calculate -41 + 37 - (6 + -1 - 4 - -17).
-22
What is -15 + (-10 - -10 - -13 - 5) - 24?
-31
(14 - (21 + -16)) + 5 + (-3 - -4)
15
Evaluate 5 + 0 + (-1 - -1) + (11 - 7).
9
Evaluate -8 - (-17 + 13 + -6) - 13 - -6.
-5
What is (-10 - 3 - 6) + (11 - (1 + 1))?
-10
Evaluate -34 - -9 - -71 - 24.
22
-56 - 2 - -31 - ((-1 - -2) + -7)
-21
((0 - 2) + -20 - -7) + (0 - -8)
-7
What is 32 + (-4 - 42) + 44?
30
Evaluate 11 - (9 + -7 + 3 + 3 - 14).
17
What is (2 - 14) + 57 + -45?
0
What is -12 + (8 + -9 - -9) - -1?
-3
Evaluate -5 + (-1 - -48) + -14.
28
2 + (-16 + 10 + 0 - -16)
12
What is 0 - (2 + (-20 - -12) - -7)?
-1
Evaluate -2 + 14 + (-14 - -4).
2
Calculate (4 - -7 - 2) + (-9 - (-3 - -6)).
-3
What is -8 - (-26 + (-22 - -28))?
12
13 - ((17 - (0 + 16)) + -24)
36
What is -216 - -204 - (-2 + 1)?
-11
What is the value of 6 - (-3 + 10 + (-2 - 3))?
4
Evaluate 37 + 0 - (1411 - 1374).
0
Evaluate 1 + -3 + 15 - (564 - 564).
13
What is 11 + -3 + -3 + -1 + (-120 - -118)?
2
Evaluate 19 - 9 - (17 + -11 + 6).
-2
What is -13 + 2 + 1 + 7?
-3
What is (-136 - -140) + (2 - 10)?
-4
Calculate 2 - 1 - (78 + -81).
4
Evaluate 103 + -109 + -1 + -1.
-8
-28 - (4 + 10) - -26
-16
Calculate -19 - (-5 - (3 - (2 - (5 - 3)))).
-11
What is the value of (-5 - (-8 - 5)) + (10 - 0)?
18
3 + -25 + -1 - (27 - 28)
-22
What is 22 + (-44 - (-40 + 20))?
-2
What is the value of 71 + -47 + (-3 - 2)?
19
-1 + -1 + -4 + (6 - 6)
-6
What is 10 - -1 - 1 - (272 + -269)?
7
2473 + -2461 - (1 + 0 + -13)
24
-8 + 1 + 19 + (9 - 20)
1
What is the value of (-1 - (2 - 12) - (-59 - -61)) + -2?
5
Calculate 13 - (15 + 15 + -26).
9
0 - -3 - (-212 - -228) - (9 - 3)
-19
10 - 0 - 0 - (-92 + (23 - -57))
22
What is the value of 0 - -1 - (-14 - (-17 - (7 - 11)))?
2
What is the value of 27 + -57 + (21 - 8)?
-17
Evaluate -14 + 19 + -13 - (-14 + 1).
5
Evaluate 1 + -6 + 0 + 5 + 0 - -7.
7
What is -4 - (-6 - -2) - (1 + -8 - -10)?
-3
Calculate (-7 - (0 + -4 + 5)) + 0.
-8
What is the value of 3 - (7 - 2) - (-15 - -11)?
2
Evaluate 2 - (-21 - (-48 + 6)).
-19
Evaluate 1 + (0 - (-6 - -5)) - (-1 - -1).
2
What is the value of -341 + 338 - ((-3 - -1) + 16 + -2)?
-15
What is 21 + 35 + -39 - 9?
8
Calculate 2 - 17 - (-5 - (4 - 3)).
-9
Calculate -20 - (2 - 6) - 4.
-20
What is 10 - (-3 - (2 + -29) - 9 - -12)?
-17
(-56 - (0 + -32)) + 9
-15
What is the value of 5 + (-3 - -4) - -2?
8
0 - 14 - ((-2 - (-11 - -7)) + 1)
-17
24 + (14 - (24 - -33))
-19
Evaluate 10 + -1 + (-16 - (14 + -28)).
7
Calculate -7 + 11 - -7 - (1 - -5).
5
Evaluate -15 - (-11 - 5 - -5).
-4
Calculate -8 + (-2 + -12 - (-29 - 11)).
18
-5 - (15 - (-10 - -31))
1
What is (20 - 6 - 16) + 3?
1
-15 + (-19 + 12 - -34)
12
Calculate (-24 + 12 - 16) + 1.
-27
8 + (-6 + (-1 - -10) - 1) + 6
16
Evaluate 17 + (-11 - -22) + 10 + -2.
36
Evaluate -28 + 0 - (1794 + -1809).
-13
What is the value of -5 + (-22 - -2 - -19)?
-6
Evaluate -15 + (-341 - -315) + 17 + -1.
-25
What is 0 + -9 - (21 + (-7 - 13)) - 6?
-16
4 - (5 + 5 + -16 - -12)
-2
Calculate 19 + -11 + (14 - 7) - 6.
9
3 + (5 + -11 - -6) + 0 + 12
15
What is the value of 18 + 1 + (121 - 122)?
18
What is (15 - 11) + -21 + -10 + 7?
-20
-10 - (-2 + 9 + -6) - 3
-14
Evaluate -9 - (6 + -28) - (-4 - (1 - 3)).
15
Evaluate 22 + -11 + (-30 - -26).
7
What is the value of -8 - ((9 - 15) + -6)?
4
What is the value of -10 - (-4 - (-14 - -16))?
-4
21 - (-25 - 2) - 30
18
Calculate -36 + -12 + 18 - -12.
-18
-19 - ((7 - -13) + -30 + (0 - -5))
-14
(41 + -46 - -9) + (1 - -9)
14
Calculate 11 + (-12 - -4 - (25 - 38)).
16
What is 23 - (0 + 16 + (5 - 19) + 7)?
14
Calculate -4 + 0 + (-6 - (-17 + 10)).
-3
Evaluate (3 - -14) + (-83 - -56).
-10
Calculate 16 + -11 + -10 + (28 - 4).
19
20 + (239 - 243 - (14 - 1))
3
30 - (-22 - 1 - -39)
14
(-1 - -4) + (22 - 11)
14
What is the value of -14 + -14 + (-15 - (6 - 73))?
24
What is the value of 9 + (17 - 25 - -3 - -5)?
9
What is (1 - 44) + (-22 - -104)?
39
Evaluate 5 - (12 + -12 + -2).
7
Evaluate 4 + -13 + -57 + 60.
-6
(-9 - -10 - 6 - -18) + (-1 - -10)
22
Calculate (351 - 362) + 3 + 35.
27
What is the value of 18 + 35 + -31 + (-4 - 1)?
17
Evaluate (3 - 1) + (0 - -8) - (885 + -846).
-29
What is -8 - (-17 + 3 - (-22 + 32))?
16
What is the value of (-65 - -40) + (9 - 1)?
-17
What is the value of -9 + 1 + -48 + 25 + 18 + -25?
-38
Calculate (-10 - -3 - (-10 + (13 - 14))) + -1.
3
Evaluate 5 + -1 + (-2 - -1 - 8) - 3.
-8
-9 + (3 - (7 + -8 - 3))
-2
Calculate -10 - (31 + -30 + -25 + 0).
14
Calculate (-28 - -10) + 24 + (-1 - 28) - 6.
-29
Evaluate 6 - ((-4 - 0 - (1 + -12)) + 0).
-1
-8 - (-2 - (5 + 3))
2
(19 - 13) + (-10 + 2 - 2) - -1
-3
What is the value of 15 - (10 + -2 - (-10 + -5 - -19))?
11
(25 - (4 - 3)) + (11 - (43 - 24))
16
What is -9 + -9 + 3 - 5 - -5 - -6?
-9
What is the value of (-5 - 3 - (-2 - 23 - -12)) + 31?
36
What is the value of 8 + -3 - (-9 - (33 - 27))?
20
What is the value of -1 - 14 - (241 - 255)?
-1
(-71 - -98) + (-3 - (-3 + 3)) + 2
26
Calculate (5 - -2) + (-9 - 2).
-4
What is -16 - (10 + -19 - 4)?
-3
What is the value of (1 - -6) + -47 - (-12 + -4)?
-24
Calculate -2 + 3 + (3 + -3 - 3) + 8.
6
What is the value of (47 - (-27 + 92)) + -1 + -8?
-27
Calculate (2 - (4 + (0 - -6))) + (207 - 160).
39
What is the value of 2 - (4 